{"id":14,"date":"2019-11-05T17:17:52","date_gmt":"2019-11-05T17:17:52","guid":{"rendered":"http:\/\/wyborykomitety.pan.pl\/?page_id=14"},"modified":"2019-11-06T17:22:25","modified_gmt":"2019-11-06T17:22:25","slug":"akty-prawne","status":"publish","type":"page","link":"https:\/\/wyborykomitety.pan.pl\/?page_id=14","title":{"rendered":"AKTY PRAWNE"},"content":{"rendered":"<p><a href=\"https:\/\/wyborykomitety.pan.pl\/wp-content\/uploads\/2019\/11\/Uchwa\u0142a-Nr-502019-Prezydium-PAN-z-dnia-17-wrze\u015bnia-2019-r.-w-sprawie-regulaminu-trybu-wyboru-cz\u0142onk\u00f3w-i-organ\u00f3w-komitet\u00f3w-naukowych.pdf\">Uchwa\u0142a-Nr-502019-Prezydium-PAN-z-dnia-17-wrze\u015bnia-2019-r.-w-sprawie-regulaminu-trybu-wyboru-cz\u0142onk\u00f3w-i-organ\u00f3w-komitet\u00f3w-naukowych<\/a><\/p>\n<p><a href=\"https:\/\/wyborykomitety.pan.pl\/wp-content\/uploads\/2019\/11\/ZO_PAN_U_2_2019.pdf\">Uchwa\u0142a-Nr 2\/2019 Zgromadzenia Og\u00f3lnego Polskiej Akademii Nauk z dnia 27 czerwca 2019 r. w sprawie utworzenia komitet\u00f3w naukowych Polskiej Akademii Nauk na kadencj\u0119 2020-2023 i wskazania wydzia\u0142\u00f3w Akademii, z kt\u00f3rymi one wsp\u00f3\u0142pracuj\u0105<\/a><\/p>\n","protected":false},"excerpt":{"rendered":"<p>Uchwa\u0142a-Nr-502019-Prezydium-PAN-z-dnia-17-wrze\u015bnia-2019-r.-w-sprawie-regulaminu-trybu-wyboru-cz\u0142onk\u00f3w-i-organ\u00f3w-komitet\u00f3w-naukowych Uchwa\u0142a-Nr 2\/2019 Zgromadzenia Og\u00f3lnego Polskiej Akademii Nauk z dnia 27 czerwca 2019 r. w sprawie utworzenia komitet\u00f3w naukowych Polskiej Akademii Nauk na kadencj\u0119 2020-2023 i wskazania wydzia\u0142\u00f3w Akademii, z kt\u00f3rymi one wsp\u00f3\u0142pracuj\u0105<\/p>\n","protected":false},"author":1,"featured_media":0,"parent":0,"menu_order":0,"comment_status":"closed","ping_status":"closed","template":"","meta":[],"_links":{"self":[{"href":"https:\/\/wyborykomitety.pan.pl\/index.php?rest_route=\/wp\/v2\/pages\/14"}],"collection":[{"href":"https:\/\/wyborykomitety.pan.pl\/index.php?rest_route=\/wp\/v2\/pages"}],"about":[{"href":"https:\/\/wyborykomitety.pan.pl\/index.php?rest_route=\/wp\/v2\/types\/page"}],"author":[{"embeddable":true,"href":"https:\/\/wyborykomitety.pan.pl\/index.php?rest_route=\/wp\/v2\/users\/1"}],"replies":[{"embeddable":true,"href":"https:\/\/wyborykomitety.pan.pl\/index.php?rest_route=%2Fwp%2Fv2%2Fcomments&post=14"}],"version-history":[{"count":4,"href":"https:\/\/wyborykomitety.pan.pl\/index.php?rest_route=\/wp\/v2\/pages\/14\/revisions"}],"predecessor-version":[{"id":55,"href":"https:\/\/wyborykomitety.pan.pl\/index.php?rest_route=\/wp\/v2\/pages\/14\/revisions\/55"}],"wp:attachment":[{"href":"https:\/\/wyborykomitety.pan.pl\/index.php?rest_route=%2Fwp%2Fv2%2Fmedia&parent=14"}],"curies":[{"name":"wp","href":"https:\/\/api.w.org\/{rel}","templated":true}]}}