{"id":12,"date":"2019-11-05T17:17:08","date_gmt":"2019-11-05T17:17:08","guid":{"rendered":"http:\/\/wyborykomitety.pan.pl\/?page_id=12"},"modified":"2019-11-26T14:10:17","modified_gmt":"2019-11-26T14:10:17","slug":"instrukcja-wyborcza","status":"publish","type":"page","link":"https:\/\/wyborykomitety.pan.pl\/?page_id=12","title":{"rendered":"INSTRUKCJA WYBORCZA"},"content":{"rendered":"<p><strong>INSTRUKCJA WYBORCZA<\/strong><\/p>\n<p><strong>7-8.11.2019 og\u0142oszenie wybor\u00f3w (na stronach PAN i komitet\u00f3w)<\/strong><\/p>\n<ol>\n<li>Plik z informacj\u0105 zostanie opublikowany na stronie PAN, Wydzia\u0142y rozprowadz\u0105 plik do uczelni oraz komitet\u00f3w, instytut\u00f3w i pomocniczych jednostek naukowych PAN w celu dalszej dystrybucji.<\/li>\n<\/ol>\n<p><strong>12-20.11.2019 (godz. 23:59) rejestracja kandydat\u00f3w w systemie wyborczym<\/strong><\/p>\n<ol>\n<li>Do udzia\u0142u w wyborach wymagana jest rejestracja w systemie wyborczym.<\/li>\n<li>System wyborczy po rejestracji kandydata, pozwala na wyb\u00f3r opcji \u201echc\u0119 kandydowa\u0107\u201d lub \u201enie chc\u0119 kandydowa\u0107\u201d.<\/li>\n<li>Prawo do udzia\u0142u w wyborach maj\u0105 samodzielni pracownicy naukowi z tytu\u0142ami: dr hab.,<\/li>\n<\/ol>\n<p>prof. dr hab., dr hab. in\u017c., prof. dr hab. in\u017c.<\/p>\n<ol>\n<li>Cz\u0142onkowie PAN oraz cz\u0142onkowie AMU nie musz\u0105 si\u0119 rejestrowa\u0107, wymagane jest tylko potwierdzenie adresu mailowego w odpowiednim czasie (klikaj\u0105c na link wys\u0142any do cz\u0142onk\u00f3w) oraz sprawdzenie danych i wyb\u00f3r komitet\u00f3w w kt\u00f3rych chc\u0105 zag\u0142osowa\u0107.<\/li>\n<\/ol>\n<p><strong>22.11-4.12. 2019 weryfikacja zg\u0142osze\u0144 przez komisje dzia\u0142aj\u0105ce w komitetach PAN, zgodnie z pismem z dnia 6.11.2019<\/strong><\/p>\n<ol>\n<li>Po zako\u0144czeniu rejestracji, nast\u0105pi weryfikacja zg\u0142osze\u0144 kandydat\u00f3w komisje otrzymaj\u0105<br \/>\nz sekretariatu Pana Prof. R. Zabielskiego listy z systemu wyborczego (w pliku Excel oraz pdf). Cz\u0142onkowie komisji proszeni s\u0105 o sprawdzenie danych oraz uzupe\u0142nienie kolumny \u201edane zgodne\u201d, uzupe\u0142niaj\u0105c poszczeg\u00f3lne kom\u00f3rki s\u0142owami \u201etak\u201d lub \u201enie\u201d przy ka\u017cdym kandydacie.<\/li>\n<li>Dane cz\u0142onk\u00f3w PAN oraz AMU nie podlegaj\u0105 weryfikacji, ze wzgl\u0119du na sprawdzenie danych wcze\u015bniej.<\/li>\n<li>Po weryfikacji przez komisje dzia\u0142aj\u0105ce w komitetach, komisje przekazuj\u0105 listy do odpowiednich wydzia\u0142\u00f3w (adres og\u00f3lny wydzia\u0142u), mailem (plik Excel oraz pdf) do dnia 4.12.2019 do godziny 23:59. Prosz\u0119 o dodanie podpisanego przez przewodnicz\u0105cego komisji komitetowej pisma z potwierdzeniem, i\u017c dane kandydat\u00f3w zosta\u0142y zweryfikowane i sprawdzone ( w dniu, w sk\u0142adzie). Nast\u0119pnie wydzia\u0142y niezw\u0142ocznie przekazuj\u0105 listy do przewodnicz\u0105cych komisji dzia\u0142aj\u0105cych przy wydzia\u0142ach.<\/li>\n<\/ol>\n<p><strong>29.11.-6.12.2019 \u00a0ponowne otwarcie systemu wyborczego, rejestracja kandydat\u00f3w<\/strong><\/p>\n<p><strong>9-11.12.2019 weryfikacja zg\u0142osze\u0144<\/strong><\/p>\n<p><strong>12.12.2019 weryfikacja zg\u0142osze\u0144 przez komisje dzia\u0142aj\u0105ce przy wydzia\u0142ach PAN<\/strong><\/p>\n<ol>\n<li>Komisje wyborcze dzia\u0142aj\u0105ce przy Wydzia\u0142ach otrzymuj\u0105 listy od Administratora systemu wyborczego. Po weryfikacji i autoryzacji list, zostan\u0105 one przekazane do sekretariatu Pana Profesora Romualda Zabielskiego.<\/li>\n<\/ol>\n<p><strong>13.12.2019 weryfikacja zg\u0142osze\u0144 w systemie wyborczym (Zesp\u00f3\u0142 Teleinformatyki, Sekretariat Prof. R. Zabielskiego)\u00a0\u00a0\u00a0\u00a0<\/strong><\/p>\n<ol>\n<li>Na podstawie list przekazanych przez komisje wyborcze dzia\u0142aj\u0105ce przy wydzia\u0142ach do Profesora Romualda Zabielskiego, Wiceprezesa PAN, informacje o zgodno\u015bci lub niezgodno\u015bci danych kandydat\u00f3w, zostan\u0105 zaimplementowane do systemu wyborczego.<\/li>\n<\/ol>\n<p><strong>\u00a016-20.12.2019 wybory<\/strong><\/p>\n<ol>\n<li>Wybory przeprowadzane s\u0105 droga elektroniczn\u0105, g\u0142osowanie jest bezpo\u015brednie i tajne<br \/>\nw systemie wyborczym PAN, b\u0119d\u0105cym narz\u0119dziem pomocniczym.<\/li>\n<li>Wyb\u00f3r nowego sk\u0142adu komitet\u00f3w naukowych odb\u0119dzie si\u0119 na podstawie Uchwa\u0142y Nr 50\/2019 z dnia 17 wrze\u015bnia 2019 w sprawie regulaminu trybu wyboru cz\u0142onk\u00f3w i organ\u00f3w komitet\u00f3w naukowych.<\/li>\n<li>Czynne i bierne prawo wyborcze posiadaj\u0105 wszyscy zarejestrowani w systemie wyborczym,<br \/>\nz wyj\u0105tkiem cz\u0142onk\u00f3w PAN oraz cz\u0142onk\u00f3w AMU, kt\u00f3rzy posiadaj\u0105 tylko prawo czynne. Otrzymanie cz\u0142onkostwa w komitetach, przez cz\u0142onk\u00f3w korporacji odbywa si\u0119 w innym trybie.<\/li>\n<li>Osoby nie b\u0119d\u0105ce cz\u0142onkami AMU oraz PAN s\u0105 uprawnione do g\u0142osowania tylko i wy\u0142\u0105cznie w jednym komitecie do kt\u00f3rego kandyduj\u0105 lub je\u015bli nie kandyduj\u0105, s\u0105 uprawnieni do g\u0142osowania w jednym wybranym przez siebie komitecie.<\/li>\n<li>Cz\u0142onkowie PAN oraz cz\u0142onkowie AMU, mog\u0105 g\u0142osowa\u0107 w dw\u00f3ch wybranych przez siebie komitetach.<\/li>\n<\/ol>\n<p><strong>06-15.01.2020 wybory uzupe\u0142niaj\u0105ce<\/strong><\/p>\n<p><strong>Zako\u0144czenie procesu wyborczego<\/strong><\/p>\n<ol>\n<li>Po zako\u0144czonym g\u0142osowaniu, listy wybranych cz\u0142onk\u00f3w komitet\u00f3w naukowych PAN zostan\u0105 przekazane do komisji dzia\u0142aj\u0105cych przy wydziale w formie wydruku przez sekretariat Profesora R. Zabielskiego.<\/li>\n<li>Nast\u0119pnie komisje wydzia\u0142owe og\u0142aszaj\u0105 wyniki i dystrybuuj\u0105 zgodnie z procedurami.<\/li>\n<\/ol>\n<p>Kontakt w razie pyta\u0144\/pomocy: Magdalena St\u0119pie\u0144 22\u00a0182 60 05<\/p>\n<p>&nbsp;<\/p>\n","protected":false},"excerpt":{"rendered":"<p>INSTRUKCJA WYBORCZA 7-8.11.2019 og\u0142oszenie wybor\u00f3w (na stronach PAN i komitet\u00f3w) Plik z informacj\u0105 zostanie opublikowany na stronie PAN, Wydzia\u0142y rozprowadz\u0105 plik do uczelni oraz komitet\u00f3w, instytut\u00f3w i pomocniczych jednostek naukowych PAN w celu dalszej dystrybucji. 12-20.11.2019 (godz. 23:59) rejestracja kandydat\u00f3w w systemie wyborczym Do udzia\u0142u w wyborach wymagana jest rejestracja w systemie wyborczym. System wyborczy &hellip; <\/p>\n<p class=\"read-more\"><a class=\"btn btn-default\" href=\"https:\/\/wyborykomitety.pan.pl\/?page_id=12\"> Read More<span class=\"screen-reader-text\">  Read More<\/span><\/a><\/p>\n","protected":false},"author":1,"featured_media":0,"parent":0,"menu_order":0,"comment_status":"closed","ping_status":"closed","template":"","meta":[],"_links":{"self":[{"href":"https:\/\/wyborykomitety.pan.pl\/index.php?rest_route=\/wp\/v2\/pages\/12"}],"collection":[{"href":"https:\/\/wyborykomitety.pan.pl\/index.php?rest_route=\/wp\/v2\/pages"}],"about":[{"href":"https:\/\/wyborykomitety.pan.pl\/index.php?rest_route=\/wp\/v2\/types\/page"}],"author":[{"embeddable":true,"href":"https:\/\/wyborykomitety.pan.pl\/index.php?rest_route=\/wp\/v2\/users\/1"}],"replies":[{"embeddable":true,"href":"https:\/\/wyborykomitety.pan.pl\/index.php?rest_route=%2Fwp%2Fv2%2Fcomments&post=12"}],"version-history":[{"count":9,"href":"https:\/\/wyborykomitety.pan.pl\/index.php?rest_route=\/wp\/v2\/pages\/12\/revisions"}],"predecessor-version":[{"id":94,"href":"https:\/\/wyborykomitety.pan.pl\/index.php?rest_route=\/wp\/v2\/pages\/12\/revisions\/94"}],"wp:attachment":[{"href":"https:\/\/wyborykomitety.pan.pl\/index.php?rest_route=%2Fwp%2Fv2%2Fmedia&parent=12"}],"curies":[{"name":"wp","href":"https:\/\/api.w.org\/{rel}","templated":true}]}}